4*x + 151 + 83 = -5*i, -295 = 5*x + 5*i. Let q = 90 + x. What are the prime factors of q?
29
Suppose -d = -4*j - 33, 2*d - 51 = 5*j + 4*d. Let w be 3/(j/(-42)) - 2. Suppose 0*s + w = s. List the prime factors of s.
2, 3
Let d(w) = -w**2 - 6*w + 2. Let s be d(-6). Suppose 3*k = -3*y + 303, 3*k - s*y - 6 = 272. List the prime factors of k/10 - 4/(-10).
2, 5
Let m be -2 + 1 + 1 - -7. Let d(k) = -k**2 + 9*k - 9. What are the prime factors of d(m)?
5
Suppose -5*a = -5*f - 45, 2*f - 3*a = -1 - 20. Let t be 22/4*-2 - -1. List the prime factors of (f/4)/(5/t).
3
Suppose 0*l - 2*l = -16. Let y(s) = 4*s**2 - 7*s + 3*s**2 - s**2 - 5*s**2. What are the prime factors of y(l)?
2
Suppose 2*v - 82 = 80. What are the prime factors of v?
3
Let u(j) = -j**3 - 4*j**2 - 3*j. Let z be u(-3). Suppose z*c + 19 = 2*o - c, 0 = 2*o - 2*c - 24. What are the prime factors of o?
7
Let k(m) = 9*m**2 + 2*m - 2. List the prime factors of k(-2).
2, 3, 5
Suppose -9 = -5*k + 1. Let j be ((-1 - -2) + -1)*1. Suppose -v + 5*u + k = -j*v, v = -u + 2. List the prime factors of v.
2
Let q be -2 - -36 - (-2 + 2). Suppose 5*d + 56 = -q. Let w = -1 - d. List the prime factors of w.
17
Let i(o) = -o**3 + 12*o**2 - 17*o + 15. List the prime factors of i(10).
3, 5
Let l(a) = 1 + 3*a + 2*a**2 - 2*a + 0. What are the prime factors of l(2)?
11
What are the prime factors of (-364)/(-49) - 7 - 109/(-7)?
2
Suppose -3*f - 12 + 93 = 0. What are the prime factors of f/3 - (1 + -2)?
2, 5
Let z(b) = -b**2 + 25. Let n be z(0). Suppose 2*q = -5*t + n, -2*t + 5*q + 6 = -4. What are the prime factors of t?
5
Suppose 6*z - 16 = 2*z. Suppose -z = -2*h + 4. What are the prime factors of h?
2
Suppose 0*s - 53 = -s + 4*d, -4*s - 2*d + 194 = 0. Let g(o) = o - 5. Let z be g(10). Suppose z*l + 14 - s = 0. What are the prime factors of l?
7
Suppose -5*t = -3*w - 310, -3*t + 5*w + 235 = t. What are the prime factors of t?
5, 13
Let w(s) = -s - 6. Let j be w(-10). Suppose -4*x + 6 = 3*m, -j*m = -x + 2*x + 5. What are the prime factors of x?
3
Let j(r) = -23*r**2 - 1. Let q be j(1). Let c = -17 - q. List the prime factors of c.
7
Let g(x) be the second derivative of 5*x**3/6 - 5*x**2/2 - 3*x. List the prime factors of g(5).
2, 5
Suppose n - 4 = v, 3*n - 2 = v + 4*n. List the prime factors of 12/(2 + 0) + v.
3
List the prime factors of (-2)/3 + (-2043)/(-27).
3, 5
Suppose 104 = 2*m - 0*m. Suppose -2*h - 5*u = -m, -2*h - u + 12 = -6*u. List the prime factors of h.
2
Let i(g) = 20*g**2 + 2*g - 1. What are the prime factors of i(1)?
3, 7
Suppose 28*u - 40*u = -3552. List the prime factors of u.
2, 37
Let q(h) = -h**3 - 4*h**2 + 3*h - 2. Suppose 2*r = -4*v + 16, 7*v - r - 13 = 2*v. Suppose 5*n + v = 2*o - 24, -26 = 5*n - o. What are the prime factors of q(n)?
2
Let k(g) = 12 - 9*g**2 + 0*g**3 + g**3 - 3*g - 4*g**2 + 16*g. List the prime factors of k(12).
2, 3
Let t(c) be the first derivative of -c**5/60 - c**4/24 - c**3 + 1. Let o(f) be the third derivative of t(f). What are the prime factors of o(-5)?
3
Let g = -46 - -58. List the prime factors of g.
2, 3
Let o = -168 - -296. What are the prime factors of o?
2
Let q(f) = 3*f**3 - f**2 - 2*f + 232. What are the prime factors of q(0)?
2, 29
Suppose 2*p + 3*p = 0. Suppose p = -3*h + 4*d + d + 131, d = -1. Let f = -30 + h. What are the prime factors of f?
2, 3
Let y = 293 - 63. What are the prime factors of y?
2, 5, 23
Let s(o) = 34*o**2. List the prime factors of s(1).
2, 17
Let c(a) = a**2 - 2*a + 3*a - 2*a. Let z(l) = -2*l**2 - 4*l - 5. Let b(m) = -c(m) - z(m). List the prime factors of b(-6).
11
Let k(d) = -d + 1. Let g be k(-4). Suppose -3*t + 70 = g*r, 0 = 2*t + 2*r - 7*r - 30. List the prime factors of t.
2, 5
Suppose 4 = 4*c - 12. What are the prime factors of (-3 - 38/c)*-2?
5
Let c = -4 - -7. Let a = -1 + c. List the prime factors of a.
2
Suppose 3*u = -5*m + 36 + 39, 0 = -m + 3*u + 33. Suppose 2*c - 4 - m = 0. List the prime factors of c.
11
Let w be -89 - (-5 + (-8)/(-4)). What are the prime factors of 1/(-5) - w/5?
17
Suppose -5*o + z + 29 = 0, z - 2 = -3*o + 9. Suppose l - o*s = -2*l + 38, s - 2 = 0. List the prime factors of l.
2
Suppose q + 0*q = 2. Suppose 0 = q*k - 1 - 11. List the prime factors of k.
2, 3
List the prime factors of 1/(-4)*-1037 - (-30)/40.
2, 5, 13
Suppose 4*r = r + 3. Let p be (2 - r)/((-3)/48). Let m = -11 - p. List the prime factors of m.
5
Let b = 448 - 320. List the prime factors of b.
2
Suppose -8 - 6 = 2*k. Let w(n) = n**3 + 7*n**2 - 3*n - 1. What are the prime factors of w(k)?
2, 5
Let k(s) = s**2 + 9*s + 10. Let d be k(-9). Let b = d - 6. What are the prime factors of b?
2
Suppose -d = -6*g + 4*g - 30, 3*g = 4*d - 120. Suppose 0 = 4*o + 3*x - 6*x - 13, 4*x - 24 = -5*o. Suppose -o*h + d = h. List the prime factors of h.
2, 3
Let m(x) = x**2 - 4*x + 5. List the prime factors of m(0).
5
Let i(m) = -m**2 + 5*m + 5. Let w(f) = -4*f - 4. Let t be w(-3). Let d be t/(-12) + 28/6. What are the prime factors of i(d)?
3
Let h be 0/1 + (10 - 7). Suppose h*i + 2*m - 64 = 0, 2*i - m = m + 36. What are the prime factors of i?
2, 5
Suppose m = 1 + 7. What are the prime factors of m?
2
List the prime factors of 3/2 + 633/6.
107
Let q(f) = f**3 - 3*f**2 - 3*f + 6. Let k be q(5). Suppose -r = -0*j - 3*j + k, -5*j + 63 = r. What are the prime factors of j?
13
Let i(a) = -6*a + 24. List the prime factors of i(-11).
2, 3, 5
Let l(c) = 2*c**2 + 4*c + 4. List the prime factors of l(-5).
2, 17
Let j(n) = -n - 20. Let k be j(-18). Let q be ((-22)/6)/((-3)/(-9)). Let m = k - q. What are the prime factors of m?
3
Let l = 2 - -1. Suppose t = 3*t. List the prime factors of (19 - l) + (2 - t).
2, 3
Let s be 1/(-2) + 36/8. Suppose -2*l = 3*b + l - 123, -3*l + 168 = s*b. List the prime factors of b.
3, 5
Let v be (2 + (0 - 1))*3. Suppose v*h - 2*h - o = 36, 2*o + 134 = 4*h. List the prime factors of h.
31
Let o(t) be the second derivative of t**4/12 - t**3/3 + t**2 + t. Let p be o(3). Suppose -p*j + 46 = -14. What are the prime factors of j?
2, 3
Let w = 4 - 5. Let i(h) = 5*h**2 + h. Let v be i(w). Suppose 6*j - j = -v*r + 21, 0 = 4*r - j - 39. List the prime factors of r.
3
Let h(a) = -a**2 + 12*a - 8. Let b be h(12). Let r = 15 + b. List the prime factors of r.
7
Let k(i) be the first derivative of -3*i**2 - 7*i - 1. List the prime factors of k(-7).
5, 7
Let q(l) = l**2 - 4*l + 6. Let k be q(5). Suppose 2 - k = -d. What are the prime factors of d?
3
Let x = 14 + -12. What are the prime factors of x?
2
Let q be (-10)/4*8/(-4). Suppose q*f = f. Suppose f = -p + 4*d + 12, 2*p + 2*p = -2*d + 48. List the prime factors of p.
2, 3
Let p(o) be the first derivative of o**5/60 + o**4/6 + 2*o**3/3 - o**2 - 1. Let g(k) be the second derivative of p(k). List the prime factors of g(-4).
2
Let x(s) = s**2 - s + 24. Let o(g) = -g + 8. Let n be o(8). What are the prime factors of x(n)?
2, 3
List the prime factors of ((-16)/(-24))/((-2)/(-21)).
7
Suppose 0 = 4*f + 30 - 198. What are the prime factors of f?
2, 3, 7
Suppose -f = -q + 2, 0*f + f + 4*q - 8 = 0. Let b = 2 - f. What are the prime factors of b/8 - (-248)/32?
2
Let d(h) = -2*h. Let x be d(-2). Suppose -x*v = a - 44, 4*a - 6 = 10. What are the prime factors of v?
2, 5
Suppose v + 12 = 4*i - 0*v, 0 = -2*v + 8. List the prime factors of i.
2
Suppose -5*i + 162 = -23. What are the prime factors of i?
37
Suppose 0 = -6*z + 5*z + 46. List the prime factors of z.
2, 23
Suppose -s + 13 = -c + 3*c, c + 11 = -4*s. What are the prime factors of c?
3
Suppose -3*t + 4*v + 14 = -0*v, -48 = -4*t - 2*v. List the prime factors of 298/t - 2/(-10).
2, 3, 5
What are the prime factors of (-2)/18*-349 - 8/(-36)?
3, 13
Let b be 0/(-2)*2/2. Let u = -1 + b. Let o = u + 8. List the prime factors of o.
7
Suppose 2*j + 2*p - 176 = 0, 3*j - 234 = 9*p - 6*p. What are the prime factors of j?
83
Suppose 5*y = 7*y + v - 6, -5*y - 2*v = -14. Suppose y*b = b. Suppose -5*m + 60 + b = 0. List the prime factors of m.
2, 3
Let q(c) = 4*c - 10. Suppose x - d = -1, -8 - 15 = 5*x + d. Let z(r) = -5*r + 11. Let h(t) = x*q(t) - 3*z(t). What are the prime factors of h(0)?
7
Let i be ((-5)/(-3))/((-2)/(-102)). Suppose -i = c - 6*c. What are the prime factors of c?
17
Suppose 0*p + 2*p = 18. What are the prime factors of p?
3
Let d = 11 + 168. What are the prim